 511406053.
17, 131, 229639
List the prime factors of 1105382882.
2, 552691441
List the prime factors of 238214710.
2, 5, 17, 1401263
What are the prime factors of 615853128?
2, 3, 11, 41, 56897
What are the prime factors of 1080580304?
2, 67536269
List the prime factors of 3486707955.
3, 5, 19, 59, 69119
What are the prime factors of 2477895903?
3, 7, 89, 359, 1231
What are the prime factors of 24664038?
2, 3, 7, 151, 3889
What are the prime factors of 5013679016?
2, 24133, 25969
What are the prime factors of 7026929792?
2, 443, 123923
What are the prime factors of 65576228?
2, 16394057
What are the prime factors of 2893238156?
2, 723309539
List the prime factors of 181610589.
3, 139, 491, 887
List the prime factors of 116840231.
116840231
What are the prime factors of 1854329?
23, 37, 2179
What are the prime factors of 44859111?
3, 11, 1359367
What are the prime factors of 2834309650?
2, 5, 56686193
List the prime factors of 168175041.
3, 56058347
What are the prime factors of 304899459?
3, 1399, 72647
What are the prime factors of 2264529064?
2, 7, 17, 109, 139, 157
List the prime factors of 1403297565.
3, 5, 47, 1990493
List the prime factors of 12010488.
2, 3, 7, 1459
List the prime factors of 50837033.
13, 47, 83203
What are the prime factors of 3112261038?
2, 3, 163, 313, 3389
List the prime factors of 21807370.
2, 5, 13, 271, 619
List the prime factors of 1430185782.
2, 3, 83, 491, 5849
What are the prime factors of 560432429?
8053, 69593
What are the prime factors of 493913220?
2, 3, 5, 8231887
List the prime factors of 1008318592.
2, 1087, 7247
What are the prime factors of 40043108?
2, 7, 19, 75269
List the prime factors of 26839562.
2, 71, 189011
List the prime factors of 57906006.
2, 3, 9651001
What are the prime factors of 125694009?
3, 7, 1995143
List the prime factors of 5167241834.
2, 17, 71, 2140531
What are the prime factors of 332725204?
2, 7, 1039, 11437
List the prime factors of 177736375.
5, 47, 30253
What are the prime factors of 191098897?
11, 107, 229, 709
What are the prime factors of 12005485?
5, 17, 141241
What are the prime factors of 208993971?
3, 17, 31, 67, 1973
What are the prime factors of 1328682188?
2, 332170547
List the prime factors of 4650088325.
5, 1459, 127487
What are the prime factors of 12803560?
2, 5, 7, 11, 4157
What are the prime factors of 11144373?
3, 71, 52321
List the prime factors of 796979379.
3, 7, 5501, 6899
What are the prime factors of 4310072044?
2, 2113, 509947
List the prime factors of 256825885.
5, 17, 29, 43, 2423
List the prime factors of 2562551255.
5, 11, 173, 269317
List the prime factors of 503541878.
2, 7, 35967277
List the prime factors of 1559815113.
3, 22079, 23549
What are the prime factors of 211046591?
7, 47, 641479
What are the prime factors of 800764387?
800764387
List the prime factors of 50676263.
11, 4606933
List the prime factors of 172167029.
23, 89, 151, 557
List the prime factors of 24443293.
7, 3491899
What are the prime factors of 741852894?
2, 3, 233, 530653
What are the prime factors of 94025507?
103, 912869
What are the prime factors of 6452930896?
2, 403308181
What are the prime factors of 135190421?
977, 138373
What are the prime factors of 128831596?
2, 32207899
What are the prime factors of 487667998?
2, 113, 2157823
What are the prime factors of 2341006387?
43, 211, 258019
What are the prime factors of 4299912430?
2, 5, 11, 73, 535481
List the prime factors of 45408156.
2, 3, 17, 41, 61, 89
List the prime factors of 40835601.
3, 113, 40153
What are the prime factors of 89478065?
5, 17895613
What are the prime factors of 2882068419?
3, 31, 1373, 22571
List the prime factors of 54126124.
2, 13, 31, 33577
What are the prime factors of 6195254161?
499, 887, 13997
What are the prime factors of 58110070?
2, 5, 5811007
List the prime factors of 722335259.
722335259
List the prime factors of 246882390.
2, 3, 5, 19, 397, 1091
What are the prime factors of 236767525?
5, 9470701
List the prime factors of 95819840.
2, 5, 23, 47, 277
What are the prime factors of 203686279?
73, 2790223
What are the prime factors of 4564621532?
2, 4327, 263729
List the prime factors of 1283512195.
5, 7, 113, 324529
What are the prime factors of 54551375?
5, 19, 103, 223
List the prime factors of 1316270619.
3, 19, 149, 2719
List the prime factors of 1542383952.
2, 3, 53, 67, 9049
What are the prime factors of 1305542?
2, 7, 93253
List the prime factors of 577776383.
797, 724939
What are the prime factors of 368658578?
2, 5689, 32401
List the prime factors of 331704008.
2, 1051, 39451
List the prime factors of 7030464765.
3, 5, 468697651
What are the prime factors of 184222214?
2, 11, 19, 440723
What are the prime factors of 17095369?
37, 131, 3527
What are the prime factors of 2798683727?
7, 157, 1051, 2423
List the prime factors of 48367444.
2, 12091861
What are the prime factors of 171392665?
5, 23, 1490371
What are the prime factors of 61735549?
1663, 37123
What are the prime factors of 1316872852?
2, 329218213
What are the prime factors of 872073389?
11, 223, 355513
What are the prime factors of 553416746?
2, 449, 616277
What are the prime factors of 29106809?
313, 92993
List the prime factors of 751630456.
2, 7591, 12377
What are the prime factors of 198972470?
2, 5, 163, 122069
List the prime factors of 2867502.
2, 3, 11, 23, 1889
List the prime factors of 53348438.
2, 11, 13, 103, 1811
List the prime factors of 3525437107.
73, 48293659
What are the prime factors of 75994109?
75994109
List the prime factors of 2744404863.
3, 2633, 347437
List the prime factors of 4431645690.
2, 3, 5, 19, 617, 12601
What are the prime factors of 2635973049?
3, 743, 1182581
List the prime factors of 41017122.
2, 3, 2278729
List the prime factors of 248793649.
13, 19137973
List the prime factors of 511203228.
2, 3, 863, 49363
List the prime factors of 1996682381.
107, 18660583
What are the prime factors of 1055653525?
5, 42226141
What are the prime factors of 865391571?
3, 11, 8741329
What are the prime factors of 112117043?
19, 47, 125551
List the prime factors of 453699707.
453699707
List the prime factors of 180589774.
2, 90294887
What are the prime factors of 31278091?
13, 23, 73, 1433
What are the prime factors of 19399169?
1039, 18671
What are the prime factors of 338456291?
19, 17813489
What are the prime factors of 435163510?
2, 5, 43516351
What are the prime factors of 189919186?
2, 929, 102217
List the prime factors of 50351736.
2, 3, 2097989
What are the prime factors of 40680478?
2, 131, 155269
List the prime factors of 1076982660.
2, 3, 5, 13, 113, 4073
What are the prime factors of 1446028168?
2, 13, 59, 235663
List the prime factors of 181082522.
2, 151, 599611
List the prime factors of 206100914.
2, 103050457
List the prime factors of 54892288.
2, 11, 101, 193
What are the prime factors of 3681546893?
113, 32580061
List the prime factors of 921343288.
2, 17, 19, 149, 2393
What are the prime factors of 2001778072?
2, 7, 35746037
What are the prime factors of 47248500?
2, 3, 5, 13, 2423
What are the prime factors of 41671540?
2, 5, 61, 34157
List the prime factors of 32055853.
2203, 14551
What are the prime factors of 36021739?
13, 19, 41, 3557
List the prime factors of 16713578.
2, 7, 19, 3307
List the prime factors of 64024144.
2, 4001509
List the prime factors of 287335461.
3, 7, 19, 102877
List the prime factors of 1047717505.
5, 23, 1291, 7057
List the prime factors of 392596343.
392596343
What are the prime factors of 32403498?
2, 3, 29, 186227
List the prime factors of 517625223.
3, 172541741
What are the prime factors of 38000382?
2, 3, 7, 29, 4457
List the prime factors of 1951417923.
3, 7, 13, 7148051
List the prime factors of 130963524.
2, 3, 811, 13457
What are the prime factors of 149406260?
2, 5, 29, 173, 1489
List the prime factors of 502108746.
2, 3, 73, 1146367
What are the prime factors of 2777918039?
13, 101, 2115703
What are the prime factors of 3172794157?
13, 293, 832973
What are the prime factors of 79317868?
2, 7, 89, 4547
List the prime factors of 464068707.
3, 154689569
List the prime factors of 9378691.
7, 1339813
What are the prime factors of 60324031?
19, 29, 109481
What are the prime factors of 19159372?
2, 19, 29, 8693
List the prime factors of 3